 tens digit of ((-4)/n)/(2/45)?
1
Suppose 4*i - 3 = i. Let n(w) = -34*w**3 + 2*w**2 - 1. Let u be n(i). What is the tens digit of ((-12)/(-9))/((-1)/u)?
4
What is the units digit of (-18602)/(-20) - (-8 - 1377/(-170))?
0
Suppose -12 = 2*s + 6. What is the tens digit of (-8)/6 - 138/s?
1
Let p be (14*1)/(22/110). Suppose -14*u + 4*u + p = 0. What is the units digit of u?
7
Let r = 642 - 2. What is the tens digit of r?
4
Suppose 2*l + 2*z - 956 = 0, 2*z = -2*l - 3*z + 956. Let a = l + -328. What is the hundreds digit of a?
1
Let a(w) = -w**2 + 11*w + 3. Let f be a(11). Suppose -c - f*l - 2*l + 63 = 0, -6 = 2*l. What is the tens digit of c?
7
Let g = 8 + -8. Suppose 2*s + 7*c + 6 = 3*c, 0 = 2*s + 3*c + 1. Suppose g = s*r - 10*r + 75. What is the units digit of r?
5
Let g = -3819 - -7453. What is the tens digit of g?
3
Let p(j) = -3*j + 13. Let t(y) = 1 - y - 2 + 0 + 0*y. Let w(i) = p(i) - 4*t(i). What is the units digit of w(-12)?
5
Let a = 5176 - 2856. What is the units digit of a?
0
Suppose -5*n = -2*y + 6, -3*n + 5*y + 6 = 2. Let m be (-136)/(-32) + n/8. Let s(q) = q**3 - 5*q**2 + 3*q + 6. What is the units digit of s(m)?
2
What is the hundreds digit of (2849/14)/(2/((-84)/(-3)))?
8
Suppose -39*i = -37*i - 1940. What is the hundreds digit of i?
9
Let o = 94 + -100. What is the hundreds digit of 2/7 + o + 873/7?
1
Let s be (154/(-21))/(2/(-18)). Suppose -a - s = -3*a. Suppose 2*v + 9 = a. What is the tens digit of v?
1
Let n be (1 - (3 + -1))*0. Let p(j) be the first derivative of j**2/2 + 29*j - 233. What is the units digit of p(n)?
9
Let j = 6686 - 3300. What is the tens digit of j?
8
Let p = -352 - -963. What is the units digit of p?
1
Suppose 2*l + i - 44 - 418 = 0, -2*i + 228 = l. What is the hundreds digit of l?
2
Let f(h) = 74*h**2 - 31*h + 136. What is the units digit of f(4)?
6
What is the thousands digit of (-9)/90*2696*-5?
1
Let x be 2/4*0 - -2. Suppose 1 = x*k - 3. Suppose -k*q + 205 = 3*q. What is the tens digit of q?
4
Suppose 3*f = 10 - 4. What is the tens digit of 2/f*(116 + -10) + 0?
0
Suppose -2*i = 2*t + 192, 2*i + i - 192 = 2*t. Let o = -22 - t. What is the units digit of o?
4
Let s(c) = c + 3. Let u be s(-3). Let q(o) = -1. Let h(r) = 2*r + 56. Let k(z) = h(z) + q(z). What is the tens digit of k(u)?
5
Let s(u) = u**2 - 2*u - 3. Let v be s(-2). Suppose -825 = -v*o - 135. What is the units digit of o?
8
Let r(h) = 21*h + 2. Suppose -15 = 16*t - 19*t. What is the units digit of r(t)?
7
Suppose 0 = 2*r + 38 - 44. Let x = -9 + 14. Suppose -4*l - 31 + 146 = r*k, x*l - 4*k = 136. What is the tens digit of l?
2
Let f = 14 - -18. Let b = -1 - -9. Let c = f - b. What is the tens digit of c?
2
Let f(u) = u**3 + 14*u**2 - 16*u - 11. Let r be f(-15). Suppose r*l = 8*l. Suppose l*o = -o + 29. What is the tens digit of o?
2
Let o(v) = 2*v**2 - v - 1. Let k be o(3). Let m(c) = k*c + 6*c**2 - 13*c**2 - 13 + 4 + 6*c**2. What is the tens digit of m(11)?
2
Let k(j) be the first derivative of -j**4/4 + 2*j**3/3 - 2*j**2 - j + 2. Let n be k(-3). Let f = n - 38. What is the units digit of f?
8
What is the thousands digit of (-32)/24*((5 - 1) + -1237)?
1
Let w(s) be the third derivative of s**5/60 + s**4/3 + 7*s**3/6 + 3*s**2. Let d = 5 + -15. What is the tens digit of w(d)?
2
Let l(r) = -r - 3. Let d be l(-6). Let a be (d - -3)/((-3)/2). What is the units digit of (a/(-12))/(1/6)?
2
What is the hundreds digit of 4/2*(8 + 0 + 1506)?
0
Suppose -2*h - 60 = p, -p + 48 = -h - 6*p. Let r = h + 31. Suppose 0 = 4*d - r*d - 76. What is the tens digit of d?
7
Let j(f) be the third derivative of f**4/12 - 7*f**3/6 + 9*f**2. What is the tens digit of j(16)?
2
Let r = 31 + 71. Suppose a - 5*m - r = 0, 13 = -5*m - 12. What is the tens digit of a?
7
Let m(l) = l - 4. Let b be m(6). Suppose b*y + 63 = n + y, 4*y = n - 57. What is the tens digit of n?
6
Let l(d) = d**3 - 14*d**2 + 19*d - 7. Let g(z) = -2*z**3 + 28*z**2 - 39*z + 14. Let v(u) = -6*g(u) - 13*l(u). What is the units digit of v(13)?
7
Suppose -4*h - 6 = 3*p - 307, 15 = 5*p. What is the units digit of h?
3
Let p = 194 - 105. Let o = p + -52. What is the tens digit of o?
3
Let b = 1500 - 1336. What is the hundreds digit of b?
1
Suppose -5*m + y = -3*m - 94, 3*y + 6 = 0. What is the units digit of m?
6
Let f(m) = -564*m + 100. What is the tens digit of f(-4)?
5
Let t(h) = h**2 - 7*h + 73. What is the units digit of t(-13)?
3
What is the units digit of 7/(315/9) - 11697/(-15)?
0
Let r(i) be the second derivative of i**3/3 - 3*i**2/2 - 3*i. Let j be r(3). Suppose -2*f - 12 = -y + j, -y = 2*f - 19. What is the tens digit of y?
1
Suppose 80 = -12*g + 7*g. Let i = 60 - g. Suppose -2*w = 2*w - i. What is the tens digit of w?
1
Let g be ((-8)/(-10))/((-6)/60). Suppose 3*t = 0, -77 - 18 = -5*k + 3*t. Let s = k + g. What is the tens digit of s?
1
Let x be (-291)/5 - 2/(-10). Let i be x/(((-6)/9)/(-2)). Let o = -109 - i. What is the units digit of o?
5
Let j be (-30)/(-7) - (-4)/(-14). Let r(z) = z**2 + 22*z + 107. Let l be r(-7). Suppose -j*c = -66 - l. What is the units digit of c?
7
Suppose 90*r = 86*r + 11716. What is the thousands digit of r?
2
Suppose z - 3 = -5*t, t = 3*t. What is the tens digit of (-45)/(-2) + (z/6 - 2)?
2
Suppose -45 = -3*h - 2*j, 0 = -5*h - 4*j + 6*j + 75. Suppose h = -3*u + 150. What is the tens digit of (-1)/4 - u/(-4)?
1
Let z(j) = 4*j**2 + 3*j + 19. Let d be z(8). What is the units digit of d + (4 - 0) - 4?
9
Let k(g) be the first derivative of g**2/2 - 16*g - 2. Let l be k(13). What is the tens digit of 2 + -3 + (28 - l)?
3
Let a(i) = -5*i**3 + 21*i**2 + 5*i + 88. Let g(f) = -3*f**3 + 11*f**2 + 3*f + 44. Let d(u) = -4*a(u) + 7*g(u). What is the units digit of d(-8)?
2
Let m = 9 + -4. Let v(x) = -x + 0*x**2 + m*x**3 + 3*x**2 - 4*x**3. What is the units digit of v(2)?
8
Let d(j) = j + 28. Let h be d(8). Let b = -28 + 50. Let z = h - b. What is the tens digit of z?
1
Suppose 0 = -12*s + 11*s + 4. Suppose 0 = -s*n + 3*n + 2*b + 265, n + b - 265 = 0. What is the tens digit of n?
6
Let d = -29 + 29. Suppose -5*z - 2*t + 317 = d, 3*t = -0*z - 3*z + 192. What is the units digit of z?
3
Let t be (1 - (-21)/(-9))/(2/(-6)). Suppose t*k = -0*k + 344. What is the units digit of k?
6
Let u(m) be the second derivative of 11*m**7/2520 + m**5/120 + m**4/2 + 12*m. Let h(i) be the third derivative of u(i). What is the units digit of h(-2)?
5
What is the hundreds digit of (16/(-36)*15 + 6)*-6393?
2
Let u = -696 + 815. What is the units digit of u?
9
Suppose -x = -5*u + 20, 0 = u - 4 - 1. Suppose -260 = -5*l + 5*k, 0*k - 72 = -l + x*k. Suppose -67 - l = -2*c. What is the tens digit of c?
5
Let k(b) be the third derivative of 0 - 5*b**2 + 0*b**3 - 1/4*b**4 + 0*b. What is the tens digit of k(-3)?
1
What is the thousands digit of (-7464)/(-14)*(-238)/(-68)?
1
What is the hundreds digit of 686 + 9 + -6 + -3?
6
Let p(d) be the third derivative of -101*d**6/120 + d**5/20 + d**4/8 + d**3/6 - 10*d**2. What is the hundreds digit of p(-1)?
1
Let z = -612 + 1337. What is the tens digit of z?
2
Let i = -24 + 0. Suppose 69 - 13 = -2*j + 2*c, 2*j + 53 = c. Let r = i - j. What is the units digit of r?
1
Let a(t) = -4*t**3 - 11*t**2 + 16*t - 80. What is the thousands digit of a(-10)?
2
Suppose 3*p = -12, -3*p + 6 = 2*x - 14. Suppose 2*c + 2*c = x. Suppose c*t - 3*t = 8. What is the units digit of t?
8
Let m(k) = 84*k + 40. What is the hundreds digit of m(5)?
4
Let n(f) = -81*f**3 - 2*f - 1. Let r be n(-1). Suppose -1 + r = 3*p. Suppose -3*v + p = -15. What is the units digit of v?
4
Suppose 0 = 4*t - 3*p - 36, 0 = -5*t - p + 46 + 18. Suppose -3*u - t = -4*u. What is the units digit of u?
2
Let g(x) = 4*x**2 + 7*x + 3. Let b be 2/(-19) + (-296)/76. What is the units digit of g(b)?
9
Let q be (4/16)/(5/40). Suppose j + 4*u - 38 = 0, -q*u = -3*j - 0*j + 114. What is the units digit of j?
8
Let i(d) = 13*d**3 - 6*d**2 + 12*d - 7. What is the tens digit of i(4)?
7
Let t(x) = -x + 18. Let u(q) = 7*q**3 - q + 1. Let o be u(1). What is the units digit of t(o)?
1
Suppose 3*x + 24 = -3*g, -5*g = 2*x - 4*g + 12. Let d(m) = -4*m + 1 + 0 - 2. What is the tens digit of d(x)?
1
Let y(w) = w**3 + 2*w**2 + 10*w - 23. Let f be y(6). Let z = 532 - f. What is the tens digit of z?
0
Let g = -12 - -14. Suppose 6*z - z = g*x - 105, 0 = 